te the remainder when 28519 is divided by 257.
249
What is the remainder when 119056 is divided by 1434?
34
What is the remainder when 7552 is divided by 4?
0
Calculate the remainder when 129274 is divided by 532.
530
Calculate the remainder when 15641 is divided by 16.
9
What is the remainder when 2291 is divided by 572?
3
Calculate the remainder when 5882 is divided by 70.
2
What is the remainder when 721 is divided by 311?
99
What is the remainder when 1893 is divided by 23?
7
Calculate the remainder when 965550 is divided by 20.
10
Calculate the remainder when 4834 is divided by 2163.
508
What is the remainder when 30740 is divided by 59?
1
What is the remainder when 4296 is divided by 431?
417
What is the remainder when 895 is divided by 185?
155
Calculate the remainder when 61097 is divided by 17.
16
Calculate the remainder when 189055 is divided by 15.
10
Calculate the remainder when 92522 is divided by 180.
2
What is the remainder when 94014 is divided by 111?
108
What is the remainder when 19121 is divided by 3820?
21
Calculate the remainder when 66330 is divided by 11054.
6
What is the remainder when 22068 is divided by 207?
126
What is the remainder when 12848 is divided by 1?
0
Calculate the remainder when 2469 is divided by 323.
208
Calculate the remainder when 7345 is divided by 2130.
955
What is the remainder when 10029 is divided by 2207?
1201
Calculate the remainder when 191988 is divided by 405.
18
Calculate the remainder when 19633 is divided by 75.
58
What is the remainder when 117442 is divided by 82?
18
Calculate the remainder when 7890 is divided by 27.
6
What is the remainder when 434 is divided by 211?
12
What is the remainder when 13569 is divided by 563?
57
What is the remainder when 279852 is divided by 93263?
63
Calculate the remainder when 775657 is divided by 129276.
1
What is the remainder when 1312 is divided by 376?
184
What is the remainder when 70411 is divided by 187?
99
Calculate the remainder when 779002 is divided by 27.
25
What is the remainder when 1105 is divided by 300?
205
Calculate the remainder when 16077 is divided by 120.
117
Calculate the remainder when 5966 is divided by 550.
466
What is the remainder when 5999 is divided by 20?
19
What is the remainder when 14463 is divided by 1602?
45
Calculate the remainder when 20842 is divided by 1894.
8
Calculate the remainder when 1213846 is divided by 224.
214
What is the remainder when 180266 is divided by 71?
68
What is the remainder when 2622787 is divided by 28?
27
What is the remainder when 20879 is divided by 47?
11
Calculate the remainder when 4746 is divided by 1571.
33
What is the remainder when 5592 is divided by 1390?
32
Calculate the remainder when 2403 is divided by 778.
69
Calculate the remainder when 1487 is divided by 368.
15
What is the remainder when 2372707 is divided by 1339?
1338
Calculate the remainder when 1564 is divided by 428.
280
What is the remainder when 152300 is divided by 2208?
2156
Calculate the remainder when 1563 is divided by 443.
234
What is the remainder when 129218 is divided by 497?
495
Calculate the remainder when 49856 is divided by 1282.
1140
What is the remainder when 69511 is divided by 141?
139
What is the remainder when 35253 is divided by 309?
27
Calculate the remainder when 27995 is divided by 461.
335
What is the remainder when 191420 is divided by 122?
2
Calculate the remainder when 732954 is divided by 235.
224
Calculate the remainder when 882 is divided by 70.
42
Calculate the remainder when 7864 is divided by 275.
164
What is the remainder when 17680 is divided by 5869?
73
Calculate the remainder when 13358 is divided by 3339.
2
What is the remainder when 5694 is divided by 97?
68
Calculate the remainder when 48139 is divided by 211.
31
Calculate the remainder when 4799 is divided by 478.
19
What is the remainder when 16792 is divided by 121?
94
What is the remainder when 25204 is divided by 1671?
139
What is the remainder when 35124 is divided by 21?
12
Calculate the remainder when 16441 is divided by 2345.
26
What is the remainder when 1256253 is divided by 1640?
13
Calculate the remainder when 368798 is divided by 457.
456
What is the remainder when 3160 is divided by 70?
10
What is the remainder when 280259 is divided by 274?
231
Calculate the remainder when 61143 is divided by 33.
27
Calculate the remainder when 9018 is divided by 361.
354
What is the remainder when 1081 is divided by 212?
21
What is the remainder when 15503 is divided by 50?
3
What is the remainder when 7862 is divided by 2117?
1511
What is the remainder when 1110070 is divided by 15?
10
What is the remainder when 35161 is divided by 950?
11
Calculate the remainder when 5473 is divided by 804.
649
What is the remainder when 57678 is divided by 140?
138
What is the remainder when 137011 is divided by 71?
52
Calculate the remainder when 62788 is divided by 161.
159
What is the remainder when 589443 is divided by 234?
231
Calculate the remainder when 7546 is divided by 29.
6
Calculate the remainder when 2366 is divided by 950.
466
What is the remainder when 12965 is divided by 5693?
1579
What is the remainder when 132703 is divided by 33175?
3
Calculate the remainder when 6549 is divided by 1254.
279
Calculate the remainder when 949085 is divided by 56.
53
Calculate the remainder when 1156 is divided by 693.
463
Calculate the remainder when 6096 is divided by 62.
20
Calculate the remainder when 114 is divided by 46.
22
Calculate the remainder when 1757495 is divided by 524.
523
Calculate the remainder when 616635 is divided by 965.
0
Calculate the remainder when 23507 is divided by 1700.
1407
Calculate the remainder when 48602 is divided by 151.
131
Calculate the remainder when 229887 is divided by 92.
71
What is the remainder when 12946 is divided by 331?
37
What is the remainder when 8487 is divided by 4157?
173
Calculate the remainder when 7456 is divided by 2267.
655
What is the remainder when 187493 is divided by 12?
5
What is the remainder when 230503 is divided by 115250?
3
What is the remainder when 2197 is divided by 1023?
151
Calculate the remainder when 1601498 is divided by 27.
20
What is the remainder when 2762 is divided by 1362?
38
What is the remainder when 114190 is divided by 114177?
13
What is the remainder when 4696 is divided by 48?
40
Calculate the remainder when 166322 is divided by 55437.
11
Calculate the remainder when 125565 is divided by 109.
106
What is the remainder when 4265 is divided by 8?
1
What is the remainder when 27396 is divided by 193?
183
Calculate the remainder when 2621 is divided by 623.
129
What is the remainder when 3241 is divided by 192?
169
Calculate the remainder when 5666 is divided by 93.
86
What is the remainder when 14664 is divided by 2923?
49
What is the remainder when 55910 is divided by 270?
20
What is the remainder when 17405 is divided by 11?
3
What is the remainder when 72741 is divided by 28?
25
What is the remainder when 1590 is divided by 1579?
11
What is the remainder when 2408649 is divided by 1141?
1139
Calculate the remainder when 2285 is divided by 286.
283
Calculate the remainder when 45 is divided by 9.
0
What is the remainder when 193 is divided by 142?
51
Calculate the remainder when 10028 is divided by 9914.
114
Calculate the remainder when 5276 is divided by 738.
110
What is the remainder when 22880 is divided by 327?
317
What is the remainder when 88190 is divided by 104?
102
What is the remainder when 2231 is divided by 48?
23
What is the remainder when 158323 is divided by 12?
7
What is the remainder when 3015 is divided by 11?
1
What is the remainder when 67204 is divided by 723?
688
Calculate the remainder when 113612 is divided by 76.
68
What is the remainder when 948 is divided by 107?
92
What is the remainder when 75685 is divided by 959?
883
What is the remainder when 209900 is divided by 49?
33
Calculate the remainder when 6341 is divided by 2108.
17
What is the remainder when 1815 is divided by 241?
128
What is the remainder when 88973 is divided by 864?
845
Calculate the remainder when 3793 is divided by 95.
88
Calculate the remainder when 19242 is divided by 6414.
0
What is the remainder when 3266 is divided by 464?
18
What is the remainde